u) = 38536*u - 1387313. Give g(36).
-17
Let s(i) = -i**2 + 66*i + 479. Determine s(-14).
-641
Let z(v) = -v**3 - 146*v**2 + 316*v - 19490. Determine z(-149).
29
Let x(v) = -174*v + 461. Calculate x(7).
-757
Let l(d) = -56*d**2 + 3453*d + 4805. What is l(63)?
80
Let m(u) = 2*u**2 - 1163*u + 37248. Calculate m(34).
18
Let v(y) = y**3 - 47*y**2 - 24*y - 1166. What is v(48)?
-14
Let n(i) = -7817*i**2 + 148510*i + 257. Give n(19).
10
Let z(m) = m**3 + 46*m**2 + 78*m + 1011. Give z(-40).
7491
Let v(z) = 4*z**2 + 29*z + 30. Determine v(-6).
0
Let l(n) = 314*n + 19690. What is l(-57)?
1792
Let i(g) = -1349*g + 921. Determine i(-2).
3619
Let n(l) = 1878*l - 13667. What is n(8)?
1357
Let k(j) = 9*j**2 + 2667*j + 31294. Give k(-284).
-230
Let g(j) = -j**3 - 7*j**2 + 111*j + 78. Determine g(8).
6
Let d(h) = 1327*h - 32219. What is d(25)?
956
Let u(q) = -11149*q - 3734957. What is u(-335)?
-42
Let z(t) = 853*t + 2556. Give z(-2).
850
Let g(a) = -4300*a - 51427. Give g(-12).
173
Let r(v) = -2*v**2 + 3176*v - 990035. Give r(426).
-11
Let y(z) = -395*z**3 + z**2 + 65*z + 65. Determine y(-1).
396
Let z(q) = 33*q + 3849. Give z(-149).
-1068
Let k(b) = -1595*b**3 + 27113*b**2 + 55*b - 336. Give k(17).
21
Let s(m) = -m**3 - 150*m**2 - 4877*m + 1791. Calculate s(-102).
-147
Let b(o) = -11167*o - 591854. What is b(-53)?
-3
Let w(l) = -3*l**3 - 191*l**2 - 2308*l + 10. What is w(-16)?
330
Let n(r) = r**3 - 113*r**2 + 2800*r + 3743. Give n(75).
-7
Let g(w) = -27*w**2 + 226*w - 689. Give g(3).
-254
Let u(g) = -23708*g - 237057. Determine u(-10).
23
Let l(b) = 2268367*b + 43098970. Give l(-19).
-3
Let l(m) = 11523*m - 44688. Determine l(4).
1404
Let z(s) = -s**3 - 85*s**2 - 508*s - 47. What is z(-6)?
157
Let q(n) = 1299*n - 311821. Determine q(240).
-61
Let v(f) = 1164*f - 278250. Calculate v(239).
-54
Let w(v) = -200695*v + 401380. What is w(2)?
-10
Let n(r) = -r**2 + 44346*r - 3894712. What is n(88)?
-8
Let t(l) = 737*l**2 + 1115*l - 9993. Determine t(3).
-15
Let j(o) = -39184*o - 78394. What is j(-2)?
-26
Let f(q) = q**2 - 44*q + 915. Determine f(42).
831
Let w(n) = 3*n**2 - 116*n - 11324. Give w(85).
491
Let k(o) = -5*o**2 + 1701*o - 38229. Give k(316).
7
Let m(c) = 695*c + 280499. Calculate m(-404).
-281
Let d(n) = -3538*n - 15966. Determine d(-4).
-1814
Let c(f) = -3675*f + 12493. What is c(4)?
-2207
Let j(g) = -251*g + 4712. What is j(21)?
-559
Let v(s) = 2*s**3 + 51*s**2 + 493*s + 15501. Determine v(-27).
3
Let h(w) = -w**3 + 20*w**2 + 104*w - 166. What is h(23)?
639
Let b(d) = -274*d + 9437. Give b(37).
-701
Let h(d) = 2*d**2 - 490*d + 25384. Calculate h(75).
-116
Let u(i) = -2*i**3 - 3*i**2 + 223*i + 1513. Give u(-9).
721
Let d(p) = -859*p + 15336. What is d(18)?
-126
Let g(v) = 4522*v - 208. What is g(0)?
-208
Let u(g) = -177*g - 19737. Give u(-113).
264
Let d(k) = 4*k**3 + 40*k**2 + 229*k + 2283. Determine d(-10).
-7
Let l(o) = 5547*o + 138686. Calculate l(-25).
11
Let d(v) = 62*v**2 + 661*v - 14. Determine d(-10).
-424
Let l(m) = 632*m - 2070. Determine l(3).
-174
Let h(f) = 45*f**2 + 396*f + 2027. Determine h(-5).
1172
Let t(n) = n**2 + 213*n + 301. Calculate t(0).
301
Let w(i) = -i**3 + 25*i**2 + 4812*i + 68. Determine w(83).
-98
Let n(t) = -1727*t - 89798. What is n(-52)?
6
Let u(r) = 865*r + 42667. Calculate u(-49).
282
Let t(o) = -499*o + 95399. Determine t(191).
90
Let q(j) = j**2 + 2257*j + 133947. Calculate q(-61).
-9
Let i(u) = 2*u**2 + 235*u - 1405. Calculate i(-123).
-52
Let b(v) = -33*v**2 - 2866*v + 37597. What is b(13)?
-5238
Let i(v) = v**2 + 549*v + 62637. Calculate i(-162).
-57
Let s(h) = 4*h**3 + 2568*h**2 - 2576*h - 2570. What is s(-643)?
2
Let y(x) = x**3 - 2*x**2 - 126746*x + 506985. Give y(4).
33
Let o(b) = 161*b**2 - 7*b - 4. Give o(-1).
164
Let l(c) = -2*c**2 + 95*c - 505. Calculate l(43).
-118
Let k(m) = 13*m**3 - 229*m**2 - 22*m - 109. Give k(17).
-2795
Let o(c) = 494*c + 14671. Determine o(-30).
-149
Let y(z) = 13*z**3 + 6*z**2 + 37*z - 155. What is y(4)?
921
Let v(j) = 31*j**2 + 264*j - 1093. Determine v(4).
459
Let q(n) = -n**3 - 19*n**2 + 12*n + 686. What is q(-7)?
14
Let h(q) = q**2 - 3385*q - 27131. Give h(-8).
13
Let q(a) = 8*a**2 + 1621*a + 6438. Determine q(-4).
82
Let g(n) = -4870*n - 311672. What is g(-64)?
8
Let c(h) = 85892*h - 6356007. What is c(74)?
1
Let f(x) = x**2 + 66*x - 810. Give f(-83).
601
Let v(o) = -o**3 - 74*o**2 - 763*o + 320. Give v(-13).
-70
Let m(x) = -5*x**2 - 123*x + 16. Give m(0).
16
Let a(r) = 72008*r - 216121. Determine a(3).
-97
Let k(h) = -800*h**2 + 4628*h - 55. Calculate k(6).
-1087
Let z(l) = l**3 - 19*l**2 + 813*l - 13282. Calculate z(17).
-39
Let h(d) = d**3 + 83*d**2 + 1062*d - 666. What is h(-67)?
4
Let m(n) = 14*n**2 - 1227*n - 565. Give m(88).
-125
Let h(g) = -74508*g**2 + 819589*g - 26. Calculate h(11).
-15
Let p(u) = 20560*u - 11493021. Give p(559).
19
Let q(y) = 5922*y + 1326544. What is q(-224)?
16
Let y(o) = -o**3 - 17*o**2 + 108*o - 536. Calculate y(-23).
154
Let r(w) = -w**3 + 105*w**2 + 1198*w - 74. Calculate r(-13).
4294
Let x(b) = b**3 + 231*b**2 + 3247*b + 680. Calculate x(-216).
-832
Let w(o) = o**3 + 46*o**2 - 943*o + 1314. What is w(14)?
-128
Let c(t) = -11*t**2 - 131*t - 1095. Calculate c(-7).
-717
Let v(d) = -2*d**2 - 504*d - 29906. What is v(-96)?
46
Let y(f) = 3493*f + 48863. Give y(-14).
-39
Let c(n) = -n**3 + 7*n**2 + 68*n + 204. What is c(13)?
74
Let a(l) = -4*l**2 + 529*l + 29941. What is a(175)?
16
Let b(h) = -6*h**3 - 29*h**2 - 81*h - 22. Give b(-3).
122
Let s(d) = 13*d**2 + 119*d + 85. Give s(7).
1555
Let v(w) = -36510*w + 511144. Give v(14).
4
Let o(h) = -4570*h + 292480. Give o(64).
0
Let q(h) = -32*h**3 - 1563*h**2 + 210*h - 1741. Give q(-49).
-26
Let i(a) = -2123*a + 82815. What is i(39)?
18
Let h(v) = -6*v**2 - 5*v + 22891. Calculate h(-63).
-608
Let k(y) = y**3 - 108*y**2 + 2399*y + 1081. Calculate k(32).
25
Let p(f) = f**2 - 256*f + 13592. Determine p(184).
344
Let n(d) = 2845*d + 623058. What is n(-219)?
3
Let x(w) = w**2 - 451*w + 15676. Calculate x(413).
-18
Let q(v) = -73487*v + 7495686. Give q(102).
12
Let t(r) = -3589*r + 35882. What is t(10)?
-8
Let t(a) = -2*a**2 - 7860*a + 94610. Calculate t(12).
2
Let d(h) = -1219*h - 16892. Calculate d(-14).
174
Let d(w) = 59*w - 8666. Give d(146).
-52
Let t(c) = -2*c**3 - 642*c**2 + 2601*c + 975. Calculate t(-325).
650
Let x(b) = -24*b**3 + 5*b**2 - 297*b - 596. Calculate x(-2).
210
Let n(a) = -4334*a + 2201683. Give n(508).
11
Let d(k) = -20741*k + 1451896. Calculate d(70).
26
Let m(v) = 12872*v + 2291040. Calculate m(-178).
-176
Let c(b) = -b**3 + 9*b**2 + 669*b - 4943. What is c(27)?
-2
Let c(j) = -j**3 + 175*j**2 - 4482*j + 2610. Determine c(144).
18
Let z(i) = -1851*i - 40923. Determine z(-22).
-201
Let t(j) = 2801*j + 16821. Give t(-6).
15
Let s(l) = l**3 - 9*l**2 + 121*l - 4383. What is s(17)?
-14
Let t(m) = 248068*m - 1240339. Give t(5).
1
Let t(c) = c**2 - 206*c - 85431. What is t(-207)?
60
Let d(q) = -2313*q - 100494. Calculate d(-43).
-1035
Let f(h) = -h**2 + 2318*h + 9274. Give f(-4).
-14
Let n(f) = 36*f**2 + 6586*f - 13168. Give n(2).
148
Let l(b) = -b**3 + 14*b**2 - 13390*b + 214758. Give l(16).
6
Let i(w) = 4*w**3 - 457*w**2 + 566*w - 107. Determine i(113).
6
Let y(v) = 82536*v + 577766. Calculate y(-7).
14
Let a(z) = -z**3 - 223*z**2 - 4591*z + 329. Calculate a(-23).
122
Let z(c) = -c**2 - 13129*c + 131225. Determine z(10).
-165
Let r(z) = -81*z**2 - 534*z + 35. Give r(-7).
-196
Let k(m) = -m**2 + 119*m - 3777. Give k(53).
-279
Let d(m) = -4*m**3 - 1379*m**2 - 2418*m - 5819. Calculate d(-343).
12
Let x(u) = u**3 - 680*u**2 - 4142*u - 180. Give x(-6).
-24
Let z(k) = 12645*k + 88714. Determine z(-7).
199
Let f(d) = d**3 + 372*d**2 + 1109*d + 724. Determine f(-369).
-14
Let x(d) = -61*d**3 - 4146*d**2 + 113*d - 1568. What is x(-68)?
-4
Let l(s) = -9*s**2 + 71*s + 995. Give l(-7).
57
Let c(n) = -n**3 - 20*n**2 + 244*n + 8. Give c(7).
393
Let s(q) = -516*q + 25175. Give s(45).
1955
Let r(c) = -c**3 + 79*c**2 + 875*c + 1375. Give r(89).
40
Let d(y) = y**3 - 7659*y**2 - 122794*y + 147. Give d(-16).
51
Let w(v) = 232*v - 32857. What is w(141)?
-145
Let d(b) = 4*b**2 + 8655*b + 25916. Determine d(-3).
-13
Let l(u) = 4920*u + 5573. Determine l(-1).
653
Let n(r) = 1841*r - 66811. What is n(37)?
1306
